 - -2) + -32). Suppose 5*i = 0, 2*i = -4*z + i + 228. Suppose q - z = -5*r, 0*q = -3*r - q + v. What are the prime factors of r?
2, 3
Let r(b) = -2*b + 0*b + 2*b - 6*b + 25. Let u be r(-5). Let d = u - -39. List the prime factors of d.
2, 47
Suppose 0 = 5*k + 25, -2*d + 2*k + 492 = -2*k. Let w(j) = -j**3 + 6*j**2 + 12*j + 8. Let r be w(9). Let o = r + d. List the prime factors of o.
109
Let b be (2/(-4))/(25/600). Let w = b - -51. Suppose 0 = -h - 2*q + w, 3*q + 50 = -h + 3*h. What are the prime factors of h?
31
Suppose 3*p + i = 5040, 4*p - i - 6736 = 3*i. Suppose 16*t - 1023 = p. List the prime factors of t.
13
Suppose 49*s - 24*s - 302722 = -73*s. What are the prime factors of s?
3089
Let a = -10 - -15. Suppose -3*h + 4*u = -289 - 709, -3*h - a*u + 1007 = 0. List the prime factors of h.
2, 167
Let q = 788 - 28. Let j = q - 238. List the prime factors of j.
2, 3, 29
List the prime factors of 4760 - (-3 + 2)*8.
2, 149
Let r(h) = 21*h - 59. Let y be r(3). Suppose -2*q - 1244 = -y*l, 0 = -0*l + 4*l + q - 1250. What are the prime factors of l?
2, 3, 13
Let c be -1034 + -1 + 5 + 12/(-2). Let b = -657 - c. What are the prime factors of b?
379
Suppose 5*n - 9591 = 2864. Suppose 5*f + 3*h - 2460 = 0, 2*h - 501 = 4*f - n. List the prime factors of f.
3, 5, 11
Suppose 19*y = 30*y - 2915. What are the prime factors of (8 + y)/((-3)/3 - -2)?
3, 7, 13
Suppose 87*w - 82*w - 1130 = 0. Let d = 325 - w. List the prime factors of d.
3, 11
Let k(j) be the second derivative of j**6/180 + 13*j**5/12 + 7*j**4/4 - 22*j. Let r(m) be the third derivative of k(m). List the prime factors of r(0).
2, 5, 13
Let h(i) = i**3 + 17*i**2 + 6*i - 21. Let y be h(-17). Let w = 239 + y. What are the prime factors of w?
2, 29
What are the prime factors of ((39/(-156))/(2/(-64)))/((-4)/(-3))?
2, 3
Suppose 0 = -2*j + 6*j - 2*c + 130, 4*c + 60 = -2*j. Let w = 36 + j. Suppose 0*y + 5*x + 783 = w*y, 0 = y + x - 189. What are the prime factors of y?
2, 3
Suppose 3*g - 6 = g. Suppose 0*l - 275 = g*f - l, -463 = 5*f + 3*l. Let r = -71 - f. List the prime factors of r.
3, 7
Let o(c) = -24*c + 2 + 11 - 1. Let f be o(-6). Suppose -4*v + f = -4*j, 4*v + 5*j = 68 + 79. What are the prime factors of v?
2, 19
Let f = 255 - 179. Let m = f - 70. Let c(u) = 2*u**3 - 6*u**2 - 7*u - 8. What are the prime factors of c(m)?
2, 83
Suppose -6*k - 13*k = -57. Let q(x) = -x**3 + 3*x**2 + 7*x - 6. List the prime factors of q(k).
3, 5
Suppose 10*b - v = 5*b + 5, 4*v - 16 = 2*b. Suppose -2*y + 0*l + 19 = -5*l, -2*y - 2*l - b = 0. Suppose 0 = -y*a + 6*a - 344. What are the prime factors of a?
2, 43
Suppose 2*p - 4*p = -4*l - 8, 0 = -2*p - 2*l + 14. Let x(o) = -o**3 + 6*o**2 - 6*o + 40. List the prime factors of x(p).
2
Let w be (-3 - -9) + (-11645)/(-5). Suppose -5*j = -5*s + w, -2*s = -j - 359 - 580. List the prime factors of s.
2, 59
Suppose 23 = -c + 18. List the prime factors of 2716/9 + c - (-2)/9.
3, 11
Let w(s) = -9 + 53 - 12 - 18*s. List the prime factors of w(-5).
2, 61
Suppose -2*k + 18 = 4*v, 0*v + 3*v + 3 = 0. What are the prime factors of k*(-2 + (0 - 21/(-3)))?
5, 11
Let c(k) = -4805*k**2 - 14 + 4804*k**2 + 2 + 9*k. Let d be c(5). Suppose 147 = -7*i + d*i. List the prime factors of i.
3, 7
Let d = 422 + -290. Suppose d = 16*s - 10*s. What are the prime factors of s?
2, 11
Suppose 50*z = 47*z + 3459. Suppose -19*d + 12211 = z. List the prime factors of d.
2, 3, 97
Let k(h) = 58*h**2 - 22*h - 55. What are the prime factors of k(12)?
29, 277
Let a be (1/1)/(-1) - -4. Suppose 0 = a*p - 2056 - 890. What are the prime factors of p?
2, 491
Suppose -294 = 3*y - 9*y. Suppose 964 = -45*m + y*m. What are the prime factors of m?
241
Let p(w) = -33*w - 178. Let n be p(-19). Let c = 1210 - n. What are the prime factors of c?
761
Suppose 3102479 = 113*b + 605292. List the prime factors of b.
7, 11, 41
Suppose 134*i - 30*i = 2486328. List the prime factors of i.
3, 13, 613
Let d(x) = -x**2 - x - 7. Let m be (-2 + (-40)/(-15))*6. Let o be d(m). Let p = o - -29. What are the prime factors of p?
2
Suppose a = -5*t + 28903, 14*a - 17*a - 11551 = -2*t. What are the prime factors of t?
2, 5, 17
Let n(t) be the first derivative of 3*t**4/8 - t**3/3 + 11*t**2 - 16. Let u(b) be the second derivative of n(b). What are the prime factors of u(15)?
7, 19
Suppose 245*k - 256*k + 37510 = 0. List the prime factors of k.
2, 5, 11, 31
Suppose 39*z - 127*z + 788727 = 20399. List the prime factors of z.
8731
Suppose 3*g - 12 = -2*p + 5*p, 3 = -3*p. Suppose 3*x + 0*x = a + 13, -g*x + 2*a = -14. What are the prime factors of -2 - (0/x - 0) - -62?
2, 3, 5
Suppose 2*s = 3*t - 10, 3*t = s - 4*s + 30. Suppose -12*f + 14*f - t = 0. Suppose o + f*o = -4*g + 716, 3*g - o = 545. List the prime factors of g.
181
Let z(f) = -f**3 + 4*f**2 + 4*f. Let u be z(-1). What are the prime factors of (681 + u + 6)/2?
2, 43
Let w(t) = 2*t + 73. Let q be w(-29). Suppose q*g - 1644 = 9*g. What are the prime factors of g?
2, 137
Let r(l) be the second derivative of l**4/12 - 7*l**3/6 + 4*l**2 - 14*l. Let d be r(6). Suppose z - 10 = 5*i - 0, d*i - 68 = -2*z. List the prime factors of z.
2, 3, 5
Suppose 45 = l - 5*y - 318, -5*l + 3*y = -1925. Let t = l + -260. List the prime factors of t.
2
List the prime factors of (-8)/20 - 8315424/(-585).
2, 3, 23, 103
Suppose -563 = -b - n, -9*n + 8*n = -2*b + 1117. Suppose -12*u + b = -5*u. What are the prime factors of u?
2, 5
Suppose 4*v - 106513 = -5*b, 3*v + 3*b + b - 79883 = 0. List the prime factors of v.
3, 13, 683
Let p(a) = -59*a**2 - 13*a - 15. Let m(u) = -29*u**2 - 7*u - 7. Let h(n) = -9*m(n) + 4*p(n). List the prime factors of h(2).
5
Let r = -237 - -248. Suppose 5*p + 5*c - 2750 = 0, 4*p + r - 2226 = -c. List the prime factors of p.
3, 5, 37
Let f = 4861 + 2170. List the prime factors of f.
79, 89
Let w be 11/(-44) + 22/(-16)*-158. Suppose 2*f = 4, -2*l + w = 3*f - 411. List the prime factors of l.
311
Suppose 71 = 5*a - 2*o, -a + 0*o - 3*o = -4. Let g = a + -61. Let b = 82 + g. What are the prime factors of b?
2, 17
Let d be (-24)/18*27/(-36). What are the prime factors of 1148*d/1 - -6?
2, 577
Let x(m) = m**3 + 5*m**2 - 3*m + 20. Let f be x(-6). Suppose u = -u + f. What are the prime factors of -1 + -3 + u + 48?
3, 5
Suppose -h = 5*n + 617, 2*n - 12 = -h - 644. Let v = -220 - h. Suppose 3*i - 2*a - 305 = 0, -3*i + v = -5*a + 114. List the prime factors of i.
101
Suppose 13*m = -5*m. What are the prime factors of 101 + (-5 - (m + -3))?
3, 11
Let z(h) = -2*h - 14. Let f be z(-11). Suppose 0 = -3*r - 11*r - f*r. Suppose -4*s - 2*j = -90, s + r*j = j + 27. What are the prime factors of s?
2, 3
Let h = -42417 + 60227. List the prime factors of h.
2, 5, 13, 137
Let r(h) = 18*h**2 - 9*h - 40. Let k be r(-6). Suppose -k + 2216 = 6*b. What are the prime factors of b?
7, 37
Suppose -42*k + 18*k = -7872. Let f = k + -34. What are the prime factors of f?
2, 3, 7
Let r be (-32)/56 - (-3511)/7. Let s = r + -843. Let h = -192 - s. What are the prime factors of h?
2, 3, 5
Let o = -1301 - -2721. Suppose 4*l + 124 - o = 0. Suppose -2*d + 228 = -4*a, 2*d - l = -d - 3*a. List the prime factors of d.
2, 5, 11
Let z(y) be the first derivative of 283*y**2/2 + 4*y + 37. List the prime factors of z(1).
7, 41
Suppose 2*f = 2*o - 30170, 14*o + 2*f = 12*o + 30174. List the prime factors of o.
2, 19, 397
Let s(o) = 2*o**3 - 6*o**2 - 2*o + 10. Let t be s(3). Suppose -t*l = -105 - 183. Suppose 4*a - l = 36. List the prime factors of a.
3
Suppose 2*j - j - 4*l = 2460, 0 = 4*j + 3*l - 9859. Suppose 3 = m, 5*m - 766 = 5*o + j. What are the prime factors of o/(-4) + 22/88?
7, 23
Let t(u) be the second derivative of 3*u**5/5 - u**4/12 + u**3/6 - 3*u**2 - 64*u - 2. List the prime factors of t(2).
2, 11
Let x(v) = -v**3 + 9*v**2 - 6*v - 3*v**2 + 2*v**2 + 4. Let h be x(7). List the prime factors of (-5299)/(-77) + 2/h + 0.
3, 23
List the prime factors of -5 + 0 + 10210/(1 + 1).
2, 3, 5, 17
List the prime factors of (37648/(-32))/(2/(-8)).
2, 13, 181
Let k = 15 + -189. Let x = k - -264. List the prime factors of x.
2, 3, 5
Let c = -171 + 166. What are the prime factors of (-5048)/c - 30/50?
1009
Suppose 0 = -3*w + 6, -912 = -3*r - 4*w + w. Let i = 630 - r. List the prime factors of i.
2, 41
Let p = -51 + 78. Suppose 20*z = 17*z + p. Suppose